6/(-318)) a prime number?
False
Is 320229/27 + (-8)/(-12) composite?
True
Let t = 32724 - 9833. Is t a prime number?
False
Is 31490/40*-1*(-8)/2 a composite number?
True
Let a = 95432 + -35691. Is a prime?
False
Let m(y) be the first derivative of 7*y**4/6 + y**2/2 - y + 6. Let d(f) be the first derivative of m(f). Is d(3) a prime number?
True
Let n(w) = -w**2 - 42*w - 28. Is n(-17) a prime number?
True
Suppose c - 2*c = -414. Let x = 85 + c. Is x a prime number?
True
Let a = 3631 - 1561. Suppose 0 = 9*f - 4*f + 5*i - a, 3*f = -2*i + 1243. Is f a composite number?
True
Let d(u) = -u - 11. Let i be d(-10). Is 468 + (1 - i) + 3 prime?
False
Let b = 19458 - 9263. Is b prime?
False
Let d = 117 + -91. Suppose -19*p + d*p - 5341 = 0. Is p a prime number?
False
Let d(y) = 30*y**2 - 387*y + 25. Is d(62) composite?
True
Is ((-16)/(-12))/(16/24636) a prime number?
True
Let w(s) = -2*s**3 + 5*s**2 + 5*s - 3. Let z be w(3). Suppose 401 + 6064 = z*q. Is q prime?
False
Suppose -5*m + 9847 = 2*j, j + m = -m + 4925. Is j prime?
True
Let l(u) = 201*u**2 - 6*u + 8. Let c(q) = -q**3 + 8*q**2 - 5*q - 11. Let w be c(7). Is l(w) prime?
False
Suppose y = 4*y - 6. Suppose -y*d = 2*k - 3486, -3*k = -4*d + 8994 - 2008. Is d a composite number?
True
Let z(v) = v**3 + v**2 + v + 4. Let a(t) = 2*t**2 - 13*t + 2. Let f be a(7). Let m = 9 - f. Is z(m) a composite number?
True
Suppose -2068 = 2*j - 5*b - 254, 0 = 5*j - 5*b + 4535. Is (j/(-2))/(1/2) a composite number?
False
Suppose a - 12397 = -3*n, -2*n + 61965 = 5*a + 3*n. Is a composite?
False
Suppose -2*u = 2 - 14. Let h(l) = l**3 - l**2 - l. Let i(k) = -2*k**3 - 4*k**2 - 5*k - 1. Let d(x) = u*h(x) - i(x). Is d(2) a composite number?
True
Let f(m) = 59*m**2 + 4. Let g(a) = 118*a**2 + a + 9. Let x(w) = -5*f(w) + 3*g(w). Is x(5) a prime number?
False
Suppose 115*o = -16*o + 5534357. Is o a prime number?
False
Let q = -386 + 169. Is (1 - 4008/(-14)) + 62/q composite?
True
Suppose -h = -5*z + 1562, 272 = z - 2*h - 44. Let q = z + -167. Is q a composite number?
True
Suppose 5 = 10*m - 9*m. Suppose m*l + 1257 = 8*l. Is l composite?
False
Is (-3)/(15/(-2620)) - 3 a prime number?
True
Let a = 101 + -98. Suppose a*t - 836 - 1057 = 0. Is t a composite number?
False
Let f = 93 - 98. Is ((-4410)/25 - -1)*f composite?
False
Let q be 1 + -2 - (-62 - -1). Suppose 0*d + d - 5*v = q, -d + 3*v = -50. Is d a prime number?
False
Let b = 108215 + -75030. Is b a prime number?
False
Let m(c) = -71*c**3 + 11*c**2 + 16*c - 15. Is m(-8) a prime number?
True
Let z(u) = -u + 3. Let o be z(7). Let h(t) = 6*t**2 - 6*t + 2. Let a(r) = -6*r**2 + 5*r - 2. Let c(b) = o*h(b) - 5*a(b). Is c(-3) a composite number?
False
Let k = 16322 - 10995. Is k prime?
False
Suppose 5*s + 94 = -4*v, -s - 22 = 5*v - v. Let c be (-18)/5 - (-6)/(-15). Is (-219673)/(-207) - c/s composite?
False
Let l(f) = -3*f - 5. Let q be l(-11). Let x = q + -24. Suppose 5*s = -x*j + 552, -4*j + 3*s + 564 = 5*s. Is j prime?
False
Suppose -3*t + 0*b = -2*b - 104, 96 = 2*t + 4*b. Suppose 0 = k - 5*m - t, 2*k - 5*k + 4*m = -103. Is k a prime number?
False
Suppose -l = 1, 2*a - 3*l - 1965 = -a. Let z = 1009 - a. Is z prime?
False
Suppose 0 + 9 = n. Suppose n + 6 = 3*k. Suppose -w + k*l = 4*w - 1075, 4*l - 195 = -w. Is w composite?
False
Suppose -8 = -2*m + 18. Let u(f) = 2 - 4 + m*f - 53*f - 5. Is u(-9) a composite number?
False
Suppose 0 = -4*c + 3*k + 2*k + 70, -4*c - 4*k = -88. Suppose -3*z + 5*d = 4, z - 6*z - c = 5*d. Is z/5 - (-866)/10 composite?
True
Let o(q) = -2*q + 10. Let n be o(0). Suppose 9*t - n*t = -211. Is t composite?
False
Let o be (6/4 + 0)*2. Suppose 5*v = -10, o*x = 2*v - 0*v - 71. Is 7542/15 - 5/x a composite number?
False
Suppose 0 = 3*b - 5947 - 284. Let y = -1136 + 2468. Let p = b - y. Is p a composite number?
True
Let f(n) = -n + 8. Let s be f(5). Is 1417 - (s + -1 + 0) a prime number?
False
Let p(s) = 16*s**2 + 2*s - 1. Let v = -19 - -25. Let q be v*4/8 + -1. Is p(q) prime?
True
Let h be -1 + (-6)/(-8) - 405/(-180). Is (-113184)/(-39) - 3 - h/13 composite?
True
Suppose -3*u + 2049 = -51. Let t = 1868 - u. Suppose 0 = 3*c + 4*s - 841, -4*c + t = -3*s - s. Is c a prime number?
False
Let v be ((-6)/(-4))/((-2)/(-4*1)). Is -5*20/(-2) + v prime?
True
Let k(g) = -36*g**2 - 8*g + 12. Let t be k(-13). Is 4 - t/24 - 1/(-3) prime?
False
Suppose -42*d - 138707 = -71*d. Is d prime?
True
Let k(x) = -x**2 - 2*x - 7. Let p be k(-3). Is (p/(-6))/(11/2739) a composite number?
True
Suppose 11*w - 6*w = 21530. Is w a composite number?
True
Suppose 5*c - u - 7925 = 3*u, 4*c + 4*u - 6340 = 0. Is c composite?
True
Suppose 0 = 4*j - 142 - 34. Suppose -9 = -5*m + 2*m. Suppose -j = -m*w + 61. Is w prime?
False
Let p(w) = 24142*w**2 + 48*w - 47. Is p(1) prime?
False
Let b be 57/9 - (-2)/(-6). Suppose 4*i - r = -b*r + 5, 5*r - 25 = 0. Let v(o) = 5*o**2 + 8*o + 4. Is v(i) composite?
False
Let x(q) = 5*q + 4. Let l be x(2). Let u = 16 - l. Suppose u*v = 131 + 687. Is v a composite number?
False
Let f(z) = -z**3 + 2*z - 1. Let t be (-1*3)/(18/(-6)). Let x be f(t). Suppose u - 79 + 5 = x. Is u a composite number?
True
Let u(h) = h + 16. Let q be u(-17). Is q/(((-2)/(-4634))/(-1)) composite?
True
Suppose -2*u = -k + 2 - 6, -u - 1 = k. Suppose 3*v = l - 5, -3*v + 0*l = -3*l + 15. Is 37 + k + v + 2 a composite number?
False
Let r(s) = -293*s**3 - 13*s**2 - 8*s + 1. Is r(-3) a prime number?
False
Let k = -28 + 19. Let g(y) be the third derivative of y**5/60 + y**4/6 - 2*y**3 + 61*y**2. Is g(k) a composite number?
True
Let v = 87 + -83. Suppose v*l + 2933 = 11*l. Is l a prime number?
True
Let q(i) = i**2 + 2*i - 14. Suppose 3*v - 1 = 8. Suppose 0 = -p - v*p - 52. Is q(p) a prime number?
False
Let u be -22 + 26 + 2*-6. Is (-21724)/u*(2 - 4 - -4) a prime number?
True
Suppose 1 = 2*p - 7. Let l(q) = 7*q**3 + 4*q**2 - 4*q - 5. Is l(p) a composite number?
False
Is 4 - ((-4499)/(-22))/(3/(-6)) prime?
False
Suppose u + 20 = -2*p - 3*u, 25 = -p - 5*u. Suppose 4*c + p*c + 5*w = 5749, 12 = -4*w. Is c a prime number?
False
Suppose 2*i - 3368 = 4*j, 3*i - 2026 - 3036 = 4*j. Suppose -4*z + 162 = -i. Suppose 0 = 5*x - 3*g - z, 1 = -4*g - 11. Is x composite?
True
Let o be (-24 - -26) + (-1 - 0). Is (3 + -2)*(o - -1470) a composite number?
False
Let t(n) = n**3 - 4*n**2 + n + 2. Let q = -23 - -27. Let j be t(q). Suppose 5*c - j*c + 37 = 0. Is c prime?
True
Let r be 0/(-2) - 11/((-77)/33474). Let t = r - 2309. Is t a composite number?
False
Suppose -49*y = -57*y. Suppose 3*u = 6, y = 2*w - 5*u + 186 - 1614. Is w a composite number?
False
Let m = 10524 - 4123. Is m a prime number?
False
Let r be (-92)/8 - 4/8. Let b be 32/r*12/(-8). Is 6/b*25746/63 a composite number?
False
Let j = -13 - -43. Let m = j - 44. Let x = 40 + m. Is x a prime number?
False
Suppose s + 4 = 4*m + 5*s, 1 = 4*m + 5*s. Suppose 479 = -m*k + 3643. Is k prime?
False
Let r(i) = 3*i**3 - 4*i**2 - i - 7. Suppose -2*g + 0*g = -18. Let a(k) = -k**3 + 8*k**2 + 10*k - 4. Let t be a(g). Is r(t) prime?
True
Suppose -3*t = 5*o - 3*o - 15963, 0 = -4*o - 12. Is t composite?
False
Let a = 232 + 282. Is a a prime number?
False
Suppose 2*x = 4*a - 268, 13*x = -5*a + 17*x + 332. Let q be 1/(-5) + 56268/(-10). Is (q/a)/((-1)/4) prime?
True
Let n(u) = u**2 - 16*u + 19. Let q be n(14). Let m = q - -506. Is m a prime number?
False
Let f = 10690 - 7616. Let j = f + -1255. Is j a composite number?
True
Let z = 8 + -7. Is z/(-5) - (-41430)/25 a prime number?
True
Suppose 3*a = 57 - 186. Suppose -5*h - 3*k = 562, -h - k = 38 + 76. Let r = a - h. Is r prime?
True
Let k = -7 + 1. Let j(p) = p**2 + 6*p + 4. Let a be j(-11). Let v = a + k. Is v a composite number?
False
Let v(w) = 21*w - 14. Let b(p) = -22*p + 15. Let r(k) = 6*b(k) + 7*v(k). Let i(d) = -15*d + 8. Let j(x) = 5*i(x) + 6*r(x). Is j(11) a prime number?
True
Is -3*(-16)/(-264) - 150339/(-11) composite?
True
Let t(m) = -m**3 + 21*m**2 + 21*m + 27. Let a be t(22). Suppose -4*d - w = -6243, a*w - 1556 = -5*d + 4*d. Is d prime?
False
Let c(a) = 322*a - 31. Suppose 17 + 13 = 5*p - 2*z, 0 = 4*p - 5*z - 7. Is c(p) prime?
False
Let b = -10773 - -23496. Is b a prime number?
False
Suppose -2*c = 2*r - 46, -40 = -2*r - 7*c + 2*c. Is (-1467 - -2)*(-5)/r a composite number?
False
Let w be (-24)/(-144) - (-2)/(-12). Suppose 